e
Is 6548758673 composite?
False
Is 262421791 composite?
False
Is 762369853 prime?
False
Is 188001131 a composite number?
False
Is 45660463633 a composite number?
True
Is 374366591 composite?
False
Is 1912799165 a prime number?
False
Is 13788189731 prime?
True
Is 35292915781 prime?
True
Is 73989924427 a prime number?
False
Is 1102836633 composite?
True
Is 3862561957 composite?
False
Is 1134238607 prime?
False
Is 97495750511 a prime number?
False
Is 961238323 a prime number?
True
Is 620940631 a composite number?
False
Is 3444224167 prime?
True
Is 88552693401 a prime number?
False
Is 5535053329 prime?
False
Is 2938459349 composite?
True
Is 363783299 a prime number?
False
Is 160965803 prime?
False
Is 236767061 a prime number?
True
Is 300211621 a prime number?
True
Is 107701345 a prime number?
False
Is 101671693 a composite number?
False
Is 2767331163 prime?
False
Is 216805049 composite?
True
Is 5472680117 a prime number?
True
Is 356044267 a prime number?
True
Is 388986017 composite?
True
Is 16039508599 prime?
True
Is 20016677 prime?
True
Is 4502293969 prime?
False
Is 109871600041 a composite number?
True
Is 3159677063 composite?
False
Is 1090595963 a composite number?
True
Is 103285906483 composite?
False
Is 1213124113 prime?
False
Is 1472445749 a prime number?
True
Is 6408667 a prime number?
False
Is 1571360297 composite?
True
Is 1818189161 a prime number?
True
Is 1736517751 a prime number?
False
Is 167134027 a prime number?
False
Is 119675188813 a composite number?
True
Is 741042007 composite?
True
Is 2544289507 prime?
False
Is 72911377403 a prime number?
False
Is 348832711 composite?
False
Is 3993171103 prime?
False
Is 65949911371 a composite number?
False
Is 34228078891 a composite number?
True
Is 8618275507 a composite number?
False
Is 105470244431 a prime number?
False
Is 664785533 composite?
True
Is 16971023 prime?
False
Is 113457950777 a prime number?
True
Is 5702376047 a prime number?
False
Is 8179540271 composite?
True
Is 9220969783 composite?
True
Is 50948288917 a prime number?
True
Is 70727486611 a composite number?
True
Is 2121153253 a prime number?
False
Is 52415216011 a composite number?
False
Is 207242183 composite?
False
Is 1182545701 prime?
True
Is 728831671 a prime number?
True
Is 405322259 prime?
True
Is 24828068809 a composite number?
False
Is 160428557 composite?
False
Is 10402077407 prime?
True
Is 34907497 composite?
False
Is 13754544173 composite?
True
Is 34460712217 prime?
False
Is 8763278207 a composite number?
False
Is 1708444063 composite?
False
Is 76031936223 a prime number?
False
Is 1003145533 a prime number?
False
Is 13333341947 a composite number?
False
Is 47947184113 a prime number?
True
Is 12329298959 prime?
True
Is 6644936491 prime?
False
Is 7422959651 a prime number?
True
Is 16339553 a prime number?
False
Is 10019631221 a composite number?
True
Is 70695893771 a prime number?
False
Is 734838733 composite?
False
Is 49102522997 composite?
True
Is 3087980039 prime?
True
Is 44630221087 a composite number?
False
Is 5842209551 composite?
True
Is 141701051 prime?
True
Is 42726671681 a prime number?
False
Is 1406445013 composite?
True
Is 131530313791 a prime number?
True
Is 26733938365 a composite number?
True
Is 37890190291 a prime number?
False
Is 421335881 a composite number?
False
Is 10855647527 a composite number?
True
Is 5517401443 composite?
False
Is 19549243423 prime?
True
Is 995875246 a composite number?
True
Is 3840045631 a composite number?
False
Is 9559830227 prime?
True
Is 1226534783 a composite number?
False
Is 2039907851 a prime number?
True
Is 13063651 a prime number?
False
Is 4548631159 a composite number?
True
Is 458650343 prime?
False
Is 3575136701 a prime number?
False
Is 43150876907 composite?
True
Is 11032347779 a prime number?
False
Is 87338514766 prime?
False
Is 7673021185 composite?
True
Is 50697777365 a prime number?
False
Is 833676139 a prime number?
False
Is 22062215159 a composite number?
True
Is 6974882869 prime?
False
Is 2531758673 composite?
False
Is 955759367 composite?
False
Is 3125282123 composite?
False
Is 2406615917 composite?
False
Is 2252385683 a composite number?
True
Is 10903681609 a prime number?
False
Is 12976152333 composite?
True
Is 16086009479 a prime number?
True
Is 6513883631 a prime number?
False
Is 4434901619 a prime number?
False
Is 559454321 composite?
False
Is 20220279743 a composite number?
True
Is 1220506739 a composite number?
True
Is 1114241827 a composite number?
False
Is 4083397013 composite?
True
Is 3519918317 a composite number?
False
Is 45754013083 a composite number?
True
Is 150553221029 a composite number?
True
Is 15727373 a composite number?
False
Is 1421990513 a composite number?
True
Is 4264807667 prime?
True
Is 154159393 prime?
False
Is 56843913943 a composite number?
True
Is 741459233 a composite number?
True
Is 2750187781 prime?
False
Is 70721482087 a composite number?
False
Is 2385958723 prime?
False
Is 10769434309 composite?
True
Is 10690007111 a composite number?
True
Is 9661463909 a prime number?
True
Is 291521987921 prime?
False
Is 11130866611 composite?
False
Is 4518783629 a composite number?
False
Is 19894522963 a composite number?
True
Is 3256358587 prime?
True
Is 1073432131 a composite number?
True
Is 344335733 composite?
True
Is 1562688971 composite?
False
Is 1289133861 a composite number?
True
Is 11161302029 composite?
False
Is 43580421403 a composite number?
True
Is 13318079771 composite?
False
Is 532386391 composite?
True
Is 112147872055 prime?
False
Is 37500217 a composite number?
True
Is 3301387481 composite?
True
Is 2286659663 composite?
True
Is 161214223 composite?
False
Is 11084816869 prime?
False
Is 8368034483 composite?
False
Is 3521294047 prime?
True
Is 2938857809 composite?
True
Is 454252819 composite?
True
Is 762870139 prime?
False
Is 7353250115 prime?
False
Is 8715283751 composite?
True
Is 70997628899 a composite number?
False
Is 35894052617 a composite number?
False
Is 109182679 prime?
False
Is 1473688319 prime?
False
Is 6530224403 a composite number?
False
Is 5535945007 composite?
False
Is 20857058801 a composite number?
False
Is 1040100349 a composite number?
False
Is 205166963 a prime number?
False
Is 1919108297 a prime number?
True
Is 303325573877 a prime number?
True
Is 8354919887 a prime number?
True
Is 35254960267 prime?
False
Is 72353745383 composite?
False
Is 277036678 a prime number?
False
Is 13667644169 prime?
True
Is 42884764427 composite?
False
Is 1139046487 prime?
True
Is 3119629719 prime?
False
Is 408547403 prime?
False
Is 17484053501 composite?
True
Is 5834729027 composite?
True
Is 6477008927 a composite number?
True
Is 14428171903 prime?
False
Is 960057519 a composite number?
True
Is 1393458293 a composite number?
False
Is 3674098135 composite?
True
Is 27434726887 a prime number?
True
Is 13633812839 a composite number?
True
Is 24213341155 a composite number?
True
Is 487133717 prime?
False
Is 145607369 composite?
True
Is 910629653 prime?
False
Is 1744655071 composite?
False
Is 18660159157 prime?
False
Is 2528009707 composite?
True
Is 119290244057 a prime number?
True
Is 1312549939 prime?
True
Is 2651327137 a prime number?
False
Is 14457152693 a prime number?
False
Is 11132500903 a prime number?
True
Is 173824521821 a prime number?
False
Is 248284831 prime?
False
Is 786224557 a prime number?
True
Is 2435598259 a prime number?
False
Is 65857094041 a prime number?
True
Is 620644657 a composite number?
True
Is 137742139 composite?
False
Is 46602567997 prime?
True
Is 913106003 prime?
False
Is 1184173871 a composite number?
False
Is 22088767 prime?
False
Is 14124526805 a composite number?
True
Is 68435942579 prime?
False
Is 3279707827 a prime number?
False
Is 1015196261 a prime number?
False
Is 76524199 a composite number?
True
Is 34825443013 a composite number?
True
Is 856024843 a composite number?
True
Is 2514478529 prime?
True
Is 33432293 prime?
False
Is 1210882429 a prime number?
False
Is 39906780773 composite?
False
Is 4452282193 a composite number?
True
Is 797858689 a prime number?
True
Is 1218239783 a prime number?
False
Is 112730616039 a composite number?
True
Is 2246315837 prime?
True
Is 1800060377 a composite number?
False
Is 12907979345 a composite number?
True
Is 1304566261 prime?
True
Is 13176901588